{"id":32,"date":"2016-01-25T10:57:14","date_gmt":"2016-01-25T09:57:14","guid":{"rendered":"http:\/\/domaine-belemnites.com\/?page_id=32"},"modified":"2025-09-25T18:04:32","modified_gmt":"2025-09-25T17:04:32","slug":"poulsard-ou-plousard","status":"publish","type":"page","link":"https:\/\/domaine-belemnites.com\/?page_id=32","title":{"rendered":"Poulsard ou plousard"},"content":{"rendered":"<p>&nbsp;<\/p>\n<h2><strong>Le Poulsard, le vin \u00e9quilibr\u00e9 de nos \u00e9t\u00e9.<\/strong><\/h2>\n<p>&nbsp;<\/p>\n<p>&nbsp;<\/p>\n<div class=\"csRow\">\n<div class=\"csColumn\" style=\"margin: 0px; padding: 0px; float: left; width: 32.1%;\" data-csstartpoint=\"0\" data-csendpoint=\"308\" data-cswidth=\"32.1%\" data-csid=\"43cda891-e903-46b5-9546-e8bc1b4b0cf8\">\n<p>&nbsp;<\/p>\n<p><strong><img decoding=\"async\" loading=\"lazy\" class=\"alignnone size-medium wp-image-98\" src=\"http:\/\/domaine-belemnites.com\/wp-content\/uploads\/2016\/01\/poul-300x224.jpg\" alt=\"poul\" width=\"300\" height=\"224\" \/><\/strong><\/p>\n<\/div>\n<div class=\"csColumnGap\" style=\"margin: 0px; padding: 0px; float: left; width: 0.938%;\"><img decoding=\"async\" style=\"border: none;\" src=\"http:\/\/domaine-belemnites.com\/wp-content\/plugins\/advanced-wp-columns\/assets\/js\/plugins\/views\/img\/1x1-pixel.png\" alt=\"\" \/><\/div>\n<div class=\"csColumn\" style=\"margin: 0px; padding: 0px; float: left; width: 32%;\" data-csstartpoint=\"317\" data-csendpoint=\"624\" data-cswidth=\"32.0%\" data-csid=\"d0de5ecf-032f-6e68-a99d-4b658e571c7c\">\n<p>&nbsp;<\/p>\n<p><img decoding=\"async\" loading=\"lazy\" class=\"alignnone size-medium wp-image-260\" src=\"http:\/\/domaine-belemnites.com\/wp-content\/uploads\/2016\/01\/ros\u00e9-verre-300x225.jpg\" alt=\"ros\u00e9 verre\" width=\"300\" height=\"225\" \/><\/p>\n<\/div>\n<div class=\"csColumnGap\" style=\"margin: 0px; padding: 0px; float: left; width: 1.15%;\"><img decoding=\"async\" style=\"border: none;\" src=\"http:\/\/domaine-belemnites.com\/wp-content\/plugins\/advanced-wp-columns\/assets\/js\/plugins\/views\/img\/1x1-pixel.png\" alt=\"\" \/><\/div>\n<div class=\"csColumn\" style=\"margin: 0px; padding: 0px; float: left; width: 32.2%;\" data-csstartpoint=\"635\" data-csendpoint=\"944\" data-cswidth=\"32.2%\" data-csid=\"13600393-6c65-1bc2-9325-aeb190dc1525\">\n<p>&nbsp;<\/p>\n<p><img decoding=\"async\" loading=\"lazy\" class=\"alignnone size-medium wp-image-262\" src=\"http:\/\/domaine-belemnites.com\/wp-content\/uploads\/2016\/01\/grillades-bis-300x225.jpg\" alt=\"grillades bis\" width=\"300\" height=\"225\" \/><\/p>\n<\/div>\n<div class=\"csColumnGap\" style=\"margin: 0px; padding: 0px; float: left; width: 1.67%;\"><img decoding=\"async\" style=\"border: none;\" src=\"http:\/\/domaine-belemnites.com\/wp-content\/plugins\/advanced-wp-columns\/assets\/js\/plugins\/views\/img\/1x1-pixel.png\" alt=\"\" \/><\/div>\n<div style=\"clear: both; float: none; display: block; visibility: hidden; width: 0px; font-size: 0px; line-height: 0;\"><\/div>\n<\/div>\n<p>&nbsp;<\/p>\n<div class=\"csColumnGap\" style=\"margin: 0px; padding: 0px; float: left; width: 0.938%;\"><img decoding=\"async\" style=\"border: none;\" src=\"http:\/\/domaine-belemnites.com\/wp-content\/plugins\/advanced-wp-columns\/assets\/js\/plugins\/views\/img\/1x1-pixel.png\" alt=\"\" \/><\/div>\n<p><strong>Terroir:<\/strong><\/p>\n<div class=\"csRow\">\n<div class=\"csRow\">\n<div class=\"csColumn\" style=\"margin: 0px; padding: 0px; float: left; width: 61.6%;\" data-csstartpoint=\"0\" data-csendpoint=\"591\" data-cswidth=\"61.6%\" data-csid=\"f29d250d-52aa-f27a-bef4-6e2c4fb764ec\">\n<p><strong>Le Clos des Valli\u00e8res<\/strong><\/p>\n<p>Exposition: Sud-Ouest<\/p>\n<p>Sol:\u00a0argilo-calcaire<\/p>\n<p><strong>Viticulture:<\/strong><\/p>\n<p>Superficie: 0.30 hectares<\/p>\n<p>C\u00e9page: Poulsard<\/p>\n<p>Densit\u00e9: 5000 pieds\/hectare<\/p>\n<p>Rendements: 45 hl\/hectare , ma\u00eetriser les rendements afin que la vigne donne le meilleur.<\/p>\n<p>Vendanges manuelles<\/p>\n<p><strong>Vinfication:<\/strong><\/p>\n<p>\u00c9grappage, puis cuvaison durant quelques jours pour atteindre la couleur souhait\u00e9e. Pressurage , fermentation directe en cuve puis d\u00e9bourbage et encuvage pour 6 mois environ pour une mise en bouteille au printemps.<\/p>\n<p><strong>D\u00e9gustation:<\/strong><\/p>\n<p>Ce vin \u00e0 la robe brillante et limpide couleur p\u00e9tale de rose, a un nez de fruits frais. En bouche, c&rsquo;est sa fra\u00eecheur ainsi qu&rsquo;une l\u00e9g\u00e8re acidit\u00e9 que l&rsquo;on appr\u00e9cie. On va l&rsquo;appr\u00e9cier frais en ap\u00e9ritif ou bien id\u00e9al pour le barbecue et le pique nique<b>.<\/b><\/p>\n<p>&nbsp;<\/p>\n<\/div>\n<div class=\"csColumnGap\" style=\"margin: 0px; padding: 0px; float: left; width: 1.04%;\"><img decoding=\"async\" style=\"border: none;\" src=\"http:\/\/domaine-belemnites.com\/wp-content\/plugins\/advanced-wp-columns\/assets\/js\/plugins\/views\/img\/1x1-pixel.png\" alt=\"\" \/><\/div>\n<p>&nbsp;<\/p>\n<\/div>\n<div class=\"csRow\">\n<p><strong>Le mot du vigneron:\u00a0<\/strong><\/p>\n<p>Ce vin d&rsquo;\u00e9t\u00e9 saura vous ravir, le poulsard rouges du Jura va apporter un peu plus de charpente qu&rsquo;un ros\u00e9 standard. Il sera id\u00e9al \u00e0 boire avec vos salades ou une bonne grillage,\u00a0il plaira \u00e0 tous,avec son fruit\u00e9 et sa fra\u00eecheur.<\/p>\n<p>&nbsp;<\/p>\n<p><strong>Tarif btle par carton: 10.00\u20ac<\/strong><\/p>\n<p>Tarif pour commander\u00a0<a href=\"http:\/\/domaine-belemnites.com\/wp-content\/uploads\/2016\/01\/bon-de-commande-2026.pdf\">bon de commande 2026<\/a><\/p>\n<\/div>\n<\/div>\n","protected":false},"excerpt":{"rendered":"<p>&nbsp; Le Poulsard, le vin \u00e9quilibr\u00e9 de nos \u00e9t\u00e9. &nbsp; &nbsp; &nbsp; &nbsp; &nbsp; &nbsp; Terroir: Le Clos des Valli\u00e8res Exposition: Sud-Ouest Sol:\u00a0argilo-calcaire Viticulture: Superficie: 0.30 hectares C\u00e9page: Poulsard Densit\u00e9: 5000 pieds\/hectare Rendements: 45 hl\/hectare , ma\u00eetriser les rendements afin &hellip; <a href=\"https:\/\/domaine-belemnites.com\/?page_id=32\">Lire la suite\u00ad\u00ad<\/a><\/p>\n","protected":false},"author":1,"featured_media":0,"parent":20,"menu_order":55,"comment_status":"closed","ping_status":"closed","template":"page-fullwidth.php","meta":[],"_links":{"self":[{"href":"https:\/\/domaine-belemnites.com\/index.php?rest_route=\/wp\/v2\/pages\/32"}],"collection":[{"href":"https:\/\/domaine-belemnites.com\/index.php?rest_route=\/wp\/v2\/pages"}],"about":[{"href":"https:\/\/domaine-belemnites.com\/index.php?rest_route=\/wp\/v2\/types\/page"}],"author":[{"embeddable":true,"href":"https:\/\/domaine-belemnites.com\/index.php?rest_route=\/wp\/v2\/users\/1"}],"replies":[{"embeddable":true,"href":"https:\/\/domaine-belemnites.com\/index.php?rest_route=%2Fwp%2Fv2%2Fcomments&post=32"}],"version-history":[{"count":25,"href":"https:\/\/domaine-belemnites.com\/index.php?rest_route=\/wp\/v2\/pages\/32\/revisions"}],"predecessor-version":[{"id":697,"href":"https:\/\/domaine-belemnites.com\/index.php?rest_route=\/wp\/v2\/pages\/32\/revisions\/697"}],"up":[{"embeddable":true,"href":"https:\/\/domaine-belemnites.com\/index.php?rest_route=\/wp\/v2\/pages\/20"}],"wp:attachment":[{"href":"https:\/\/domaine-belemnites.com\/index.php?rest_route=%2Fwp%2Fv2%2Fmedia&parent=32"}],"curies":[{"name":"wp","href":"https:\/\/api.w.org\/{rel}","templated":true}]}}