{"id":55,"date":"2016-01-25T11:08:41","date_gmt":"2016-01-25T10:08:41","guid":{"rendered":"http:\/\/domaine-belemnites.com\/?page_id=55"},"modified":"2025-09-25T18:01:38","modified_gmt":"2025-09-25T17:01:38","slug":"boutique","status":"publish","type":"page","link":"https:\/\/domaine-belemnites.com\/?page_id=55","title":{"rendered":"TARIFS"},"content":{"rendered":"<p>&nbsp;<\/p>\n<p><em><strong>\u00a0 \u00a0 \u00a0 \u00a0 \u00a0 \u00a0 \u00a0 \u00a0 \u00a0 \u00a0 \u00a0 \u00a0 \u00a0 \u00a0 \u00a0 \u00a0 \u00a0 \u00a0 \u00a0 \u00a0 \u00a0 \u00a0 \u00a0 \u00a0 \u00a0 \u00a0 \u00a0 \u00a0 \u00a0 \u00a0 \u00a0 \u00a0 \u00a0 \u00a0 \u00a0 \u00a0 \u00a0TARIFS 2025<\/strong><\/em><\/p>\n<table style=\"height: 246px;\" border=\"2\" width=\"792\">\n<tbody>\n<tr>\n<td style=\"width: 250px;\" colspan=\"2\"><\/td>\n<td style=\"width: 100px;\">Mill\u00e9sime<\/td>\n<td style=\"width: 100px;\">Prix carton de 6<\/td>\n<td style=\"width: 100px;\">Prix unitaire<\/td>\n<td style=\"width: 100px;\">Total<\/td>\n<\/tr>\n<tr>\n<td style=\"width: 250px;\"><\/td>\n<td style=\"width: 100px;\" colspan=\"3\">\u00a0 \u00a0 \u00a0 \u00a0 \u00a0 \u00a0 \u00a0 \u00a0 \u00a0 \u00a0 \u00a0 \u00a0Les Blancs<\/td>\n<td style=\"width: 100px;\"><\/td>\n<\/tr>\n<tr>\n<td style=\"width: 250px;\">Chardonnay\u00a0Vieilles Vignes<\/td>\n<td style=\"width: 100px;\">75 cl<\/td>\n<td style=\"width: 100px;\"><\/td>\n<td style=\"width: 100px;\">\u00a011.00\u20ac<\/td>\n<td style=\"width: 100px;\">12.00\u20ac<\/td>\n<td style=\"width: 100px;\"><\/td>\n<\/tr>\n<tr>\n<td style=\"width: 250px;\">Savagnin\u00a0Natur\u00e9<\/td>\n<td style=\"width: 100px;\">75 cl<\/td>\n<td style=\"width: 100px;\"><\/td>\n<td style=\"width: 100px;\">\u00a012.00\u20ac<\/td>\n<td style=\"width: 100px;\">13.00\u20ac<\/td>\n<td style=\"width: 100px;\"><\/td>\n<\/tr>\n<tr>\n<td style=\"width: 250px;\">Savagnin Prestige<\/td>\n<td style=\"width: 100px;\">75 cl<\/td>\n<td style=\"width: 100px;\"><\/td>\n<td style=\"width: 100px;\">\u00a016.00\u20ac<\/td>\n<td style=\"width: 100px;\">17.00\u20ac<\/td>\n<td style=\"width: 100px;\"><\/td>\n<\/tr>\n<tr>\n<td style=\"width: 250px;\"><\/td>\n<td style=\"width: 100px;\"><\/td>\n<td style=\"width: 100px;\"><\/td>\n<td style=\"width: 100px;\"><\/td>\n<td style=\"width: 100px;\"><\/td>\n<td style=\"width: 100px;\"><\/td>\n<\/tr>\n<tr>\n<td style=\"width: 250px;\"><\/td>\n<td style=\"width: 100px;\" colspan=\"3\">\u00a0 \u00a0 \u00a0 \u00a0 \u00a0 \u00a0 \u00a0 \u00a0 \u00a0 \u00a0 \u00a0 \u00a0 Les Rouges<\/td>\n<td style=\"width: 100px;\"><\/td>\n<td style=\"width: 100px;\"><\/td>\n<\/tr>\n<tr>\n<td style=\"width: 250px;\">Trousseau Cuv\u00e9e CONVENTUS<\/td>\n<td style=\"width: 100px;\">75 cl<\/td>\n<td style=\"width: 100px;\"><\/td>\n<td style=\"width: 100px;\">\u00a011.00\u20ac<\/td>\n<td style=\"width: 100px;\">12.00\u20ac<\/td>\n<td style=\"width: 100px;\"><\/td>\n<\/tr>\n<tr>\n<td style=\"width: 250px;\">Pinot noir \u00ab\u00a0\u00e9lev\u00e9 en f\u00fbt de ch\u00eane\u00a0\u00bb<\/td>\n<td style=\"width: 100px;\">75 cl<\/td>\n<td style=\"width: 100px;\"><\/td>\n<td style=\"width: 100px;\">\u00a012.00\u20ac<\/td>\n<td style=\"width: 100px;\">13.00\u20ac<\/td>\n<td style=\"width: 100px;\"><\/td>\n<\/tr>\n<tr>\n<td style=\"width: 250px;\">Poulsard<\/td>\n<td style=\"width: 100px;\">75 cl<\/td>\n<td style=\"width: 100px;\"><\/td>\n<td style=\"width: 100px;\">\u00a010.00\u20ac<\/td>\n<td style=\"width: 100px;\">11.00\u20ac<\/td>\n<td style=\"width: 100px;\"><\/td>\n<\/tr>\n<tr>\n<td style=\"width: 250px;\"><\/td>\n<td style=\"width: 100px;\"><\/td>\n<td style=\"width: 100px;\"><\/td>\n<td style=\"width: 100px;\"><\/td>\n<td style=\"width: 100px;\"><\/td>\n<td style=\"width: 100px;\"><\/td>\n<\/tr>\n<tr>\n<td style=\"width: 250px;\"><\/td>\n<td style=\"width: 100px;\" colspan=\"3\">\u00a0 \u00a0 \u00a0 \u00a0 \u00a0 \u00a0Les Vins Typiques Jurassiens<\/td>\n<td style=\"width: 100px;\"><\/td>\n<td style=\"width: 100px;\"><\/td>\n<\/tr>\n<tr>\n<td style=\"width: 250px;\">Cr\u00e9mant du Jura<\/td>\n<td style=\"width: 100px;\">75 cl<\/td>\n<td style=\"width: 100px;\"><\/td>\n<td style=\"width: 100px;\">\u00a010.00\u20ac<\/td>\n<td style=\"width: 100px;\">11.00\u20ac<\/td>\n<td style=\"width: 100px;\"><\/td>\n<\/tr>\n<tr>\n<td style=\"width: 250px;\">Vin Jaune<\/td>\n<td style=\"width: 100px;\">62\u00a0cl<\/td>\n<td style=\"width: 100px;\"><\/td>\n<td style=\"width: 100px;\">\u00a029.00\u20ac<\/td>\n<td style=\"width: 100px;\">31.00\u20ac<\/td>\n<td style=\"width: 100px;\"><\/td>\n<\/tr>\n<tr>\n<td style=\"width: 250px;\">\u00a0Vin de Paille<\/td>\n<td style=\"width: 100px;\">\u00a037.5 cl<\/td>\n<td style=\"width: 100px;\"><\/td>\n<td style=\"width: 100px;\">\u00a019.00\u20ac<\/td>\n<td style=\"width: 100px;\">21.00\u20ac<\/td>\n<td style=\"width: 100px;\"><\/td>\n<\/tr>\n<tr>\n<td style=\"width: 250px;\">\u00a0Macvin Du Jura<\/td>\n<td style=\"width: 100px;\">75 cl<\/td>\n<td style=\"width: 100px;\"><\/td>\n<td style=\"width: 100px;\">\u00a017.00\u20ac<\/td>\n<td style=\"width: 100px;\">18.00\u20ac<\/td>\n<td style=\"width: 100px;\"><\/td>\n<\/tr>\n<tr>\n<td style=\"width: 250px;\"><\/td>\n<td style=\"width: 100px;\"><\/td>\n<td style=\"width: 100px;\"><\/td>\n<td style=\"width: 100px;\"><\/td>\n<td style=\"width: 100px;\"><\/td>\n<td style=\"width: 100px;\"><\/td>\n<\/tr>\n<tr>\n<td style=\"width: 250px;\"><\/td>\n<td style=\"width: 100px;\"><\/td>\n<td style=\"width: 100px;\"><\/td>\n<td style=\"width: 100px;\"><\/td>\n<td style=\"width: 100px;\"><\/td>\n<td style=\"width: 100px;\"><\/td>\n<\/tr>\n<tr>\n<td style=\"width: 250px;\">TOTAL<\/td>\n<td style=\"width: 100px;\" colspan=\"4\"><\/td>\n<td style=\"width: 100px;\"><\/td>\n<\/tr>\n<\/tbody>\n<\/table>\n<p>Facturation des frais de port en plus au co\u00fbt r\u00e9el (voir directement \u00e0 la commande) &#8211; Paiement \u00e0 la commande<\/p>\n<p>T\u00e9l\u00e9charger le PDF suivant pour commander:\u00a0<a href=\"http:\/\/domaine-belemnites.com\/wp-content\/uploads\/2016\/01\/bon-de-commande-2026.pdf\">bon de commande 2026<\/a><\/p>\n<p><strong>Christian MELET- Vigneron ind\u00e9pendant \u00a0 \u00a0 \u00a0 \u00a0 \u00a0 \u00a0 \u00a0 \u00a0 \u00a0<\/strong><strong> Site internet: www.domaine-belemnites.com <\/strong><\/p>\n<p>Port\u00a0: 06.84.16.55.27 email:contact@domaine-belemnites.com<\/p>\n<p>&nbsp;<\/p>\n<p><strong>Nous rencontrer \u00e0\u00a0MESNAY au domicile<\/strong><\/p>\n<p>5 chemin de Bannans 39600 MESNAY<\/p>\n<p>&nbsp;<\/p>\n<p>&nbsp;<\/p>\n<p>Pour toute visite, d\u00e9gustation ou commande, merci de pr\u00e9venir auparavant\u00a0 Christian MELET au 06.84.16.55.27 ou bien par email : contact@domaine-belemnites.com afin que l\u2019on puisse vous accueillir lors de votre venue.<\/p>\n","protected":false},"excerpt":{"rendered":"<p>&nbsp; \u00a0 \u00a0 \u00a0 \u00a0 \u00a0 \u00a0 \u00a0 \u00a0 \u00a0 \u00a0 \u00a0 \u00a0 \u00a0 \u00a0 \u00a0 \u00a0 \u00a0 \u00a0 \u00a0 \u00a0 \u00a0 \u00a0 \u00a0 \u00a0 \u00a0 \u00a0 \u00a0 \u00a0 \u00a0 \u00a0 \u00a0 \u00a0 \u00a0 \u00a0 \u00a0 \u00a0 \u00a0TARIFS 2025 Mill\u00e9sime &hellip; <a href=\"https:\/\/domaine-belemnites.com\/?page_id=55\">Lire la suite\u00ad\u00ad<\/a><\/p>\n","protected":false},"author":1,"featured_media":0,"parent":0,"menu_order":0,"comment_status":"closed","ping_status":"closed","template":"page-fullwidth.php","meta":[],"_links":{"self":[{"href":"https:\/\/domaine-belemnites.com\/index.php?rest_route=\/wp\/v2\/pages\/55"}],"collection":[{"href":"https:\/\/domaine-belemnites.com\/index.php?rest_route=\/wp\/v2\/pages"}],"about":[{"href":"https:\/\/domaine-belemnites.com\/index.php?rest_route=\/wp\/v2\/types\/page"}],"author":[{"embeddable":true,"href":"https:\/\/domaine-belemnites.com\/index.php?rest_route=\/wp\/v2\/users\/1"}],"replies":[{"embeddable":true,"href":"https:\/\/domaine-belemnites.com\/index.php?rest_route=%2Fwp%2Fv2%2Fcomments&post=55"}],"version-history":[{"count":60,"href":"https:\/\/domaine-belemnites.com\/index.php?rest_route=\/wp\/v2\/pages\/55\/revisions"}],"predecessor-version":[{"id":692,"href":"https:\/\/domaine-belemnites.com\/index.php?rest_route=\/wp\/v2\/pages\/55\/revisions\/692"}],"wp:attachment":[{"href":"https:\/\/domaine-belemnites.com\/index.php?rest_route=%2Fwp%2Fv2%2Fmedia&parent=55"}],"curies":[{"name":"wp","href":"https:\/\/api.w.org\/{rel}","templated":true}]}}